{"version":"1.0","provider_name":"Portatax","provider_url":"https:\/\/www.portatax.cl\/mineria","author_name":"Marjorie","author_url":"https:\/\/www.portatax.cl\/mineria\/author\/marjorie\/","title":"Consejo Minero De Chile A G - Portatax","type":"rich","width":600,"height":338,"html":"<blockquote class=\"wp-embedded-content\" data-secret=\"N0FVd1lBv2\"><a href=\"https:\/\/www.portatax.cl\/mineria\/2021\/06\/11\/consejo-minero-de-chile-a-g\/\">Consejo Minero De Chile A G<\/a><\/blockquote><iframe sandbox=\"allow-scripts\" security=\"restricted\" src=\"https:\/\/www.portatax.cl\/mineria\/2021\/06\/11\/consejo-minero-de-chile-a-g\/embed\/#?secret=N0FVd1lBv2\" width=\"600\" height=\"338\" title=\"\u00abConsejo Minero De Chile A G\u00bb \u2014 Portatax\" data-secret=\"N0FVd1lBv2\" frameborder=\"0\" marginwidth=\"0\" marginheight=\"0\" scrolling=\"no\" class=\"wp-embedded-content\"><\/iframe><script>\n\/*! This file is auto-generated *\/\n!function(d,l){\"use strict\";l.querySelector&&d.addEventListener&&\"undefined\"!=typeof URL&&(d.wp=d.wp||{},d.wp.receiveEmbedMessage||(d.wp.receiveEmbedMessage=function(e){var t=e.data;if((t||t.secret||t.message||t.value)&&!\/[^a-zA-Z0-9]\/.test(t.secret)){for(var s,r,n,a=l.querySelectorAll('iframe[data-secret=\"'+t.secret+'\"]'),o=l.querySelectorAll('blockquote[data-secret=\"'+t.secret+'\"]'),c=new RegExp(\"^https?:$\",\"i\"),i=0;i<o.length;i++)o[i].style.display=\"none\";for(i=0;i<a.length;i++)s=a[i],e.source===s.contentWindow&&(s.removeAttribute(\"style\"),\"height\"===t.message?(1e3<(r=parseInt(t.value,10))?r=1e3:~~r<200&&(r=200),s.height=r):\"link\"===t.message&&(r=new URL(s.getAttribute(\"src\")),n=new URL(t.value),c.test(n.protocol))&&n.host===r.host&&l.activeElement===s&&(d.top.location.href=t.value))}},d.addEventListener(\"message\",d.wp.receiveEmbedMessage,!1),l.addEventListener(\"DOMContentLoaded\",function(){for(var e,t,s=l.querySelectorAll(\"iframe.wp-embedded-content\"),r=0;r<s.length;r++)(t=(e=s[r]).getAttribute(\"data-secret\"))||(t=Math.random().toString(36).substring(2,12),e.src+=\"#?secret=\"+t,e.setAttribute(\"data-secret\",t)),e.contentWindow.postMessage({message:\"ready\",secret:t},\"*\")},!1)))}(window,document);\n\/\/# sourceURL=https:\/\/www.portatax.cl\/mineria\/wp-includes\/js\/wp-embed.min.js\n<\/script>\n","thumbnail_url":"https:\/\/www.portatax.cl\/mineria\/wp-content\/uploads\/2021\/06\/Promo-Facebook-Facebook-image-post-8.jpeg","thumbnail_width":1200,"thumbnail_height":630,"description":"\u201cToda conversaci\u00f3n y discusi\u00f3n en torno al r\u00e9gimen tributario de la miner\u00eda debe estar enmarcada en el debate t\u00e9cnico\u201d. Revive la presentaci\u00f3n del Presidente Ejecutivo\u00a0Joaquin Villarino Herrera\u00a0en el ciclo de conversaciones de la\u00a0Universidad de Chile,\u00a0Pontificia Universidad Cat\u00f3lica de Chile\u00a0y la\u00a0Universidad Cat\u00f3lica del Norte. link:\u00a0https:\/\/bit.ly\/3pK6u7z"}

“Toda conversación y discusión en torno al régimen tributario de la minería debe estar enmarcada en el debate técnico”. Revive la presentación del Presidente Ejecutivo Joaquin Villarino Herrera en el ciclo de conversaciones de la Universidad de Chile, Pontificia Universidad Católica de Chile y la Universidad Católica del Norte. link: https://bit.ly/3pK6u7z
